est common divisor of 152 and 140056.
8
What is the highest common divisor of 71808 and 1430?
22
Calculate the greatest common divisor of 867 and 1285761.
867
Calculate the highest common divisor of 1472 and 280416.
736
What is the greatest common divisor of 7632 and 5616?
144
What is the greatest common factor of 2988 and 255308?
332
Calculate the highest common factor of 19 and 369968.
19
What is the highest common divisor of 326 and 178322?
326
What is the highest common divisor of 20696 and 995?
199
Calculate the greatest common divisor of 3591 and 32984.
133
Calculate the highest common divisor of 2842120 and 8200.
1640
Calculate the highest common divisor of 17064 and 1242.
54
What is the greatest common factor of 117 and 8451?
9
Calculate the highest common divisor of 40 and 380740.
20
What is the highest common factor of 110460 and 420?
420
Calculate the highest common factor of 80892 and 756.
756
What is the highest common divisor of 80762 and 374?
22
Calculate the highest common factor of 1113057 and 495.
99
Calculate the greatest common factor of 502855 and 15.
5
What is the highest common factor of 13640 and 11315?
155
What is the greatest common factor of 17 and 53737?
17
What is the highest common factor of 58553 and 33?
11
What is the highest common factor of 62553 and 2407?
29
Calculate the highest common factor of 45113 and 9847.
229
Calculate the highest common factor of 21376 and 320.
64
Calculate the greatest common divisor of 902 and 1722.
82
What is the greatest common divisor of 11 and 384142?
11
Calculate the highest common divisor of 231000 and 725.
25
What is the highest common divisor of 6441 and 4047?
57
What is the greatest common factor of 18 and 40878?
18
What is the highest common divisor of 105739 and 82?
41
Calculate the highest common factor of 160 and 102920.
40
What is the greatest common divisor of 215031 and 11268?
939
What is the greatest common factor of 146 and 231?
1
What is the highest common divisor of 12330 and 320?
10
What is the highest common factor of 1940 and 9721340?
1940
Calculate the greatest common divisor of 30 and 277635.
15
Calculate the highest common factor of 78658 and 8576.
134
What is the greatest common factor of 34711 and 1011?
337
Calculate the highest common factor of 2228048 and 16.
16
Calculate the highest common divisor of 328576 and 320.
64
Calculate the highest common divisor of 40382 and 1655.
331
What is the highest common factor of 106673 and 343?
343
Calculate the highest common divisor of 260 and 144352.
52
Calculate the greatest common divisor of 652 and 10921.
163
Calculate the highest common factor of 12 and 2840.
4
What is the highest common factor of 138 and 1604940?
138
Calculate the greatest common divisor of 656 and 19762.
82
What is the highest common factor of 207 and 1357?
23
What is the highest common factor of 2728 and 37?
1
Calculate the highest common factor of 16 and 2732896.
16
Calculate the highest common factor of 7296 and 2622.
114
Calculate the highest common divisor of 139 and 2572.
1
What is the highest common factor of 24259 and 136?
17
Calculate the highest common divisor of 273 and 125237.
7
Calculate the greatest common factor of 189 and 2234715.
21
Calculate the highest common divisor of 3672 and 40878.
54
What is the highest common divisor of 18568 and 16?
8
What is the greatest common factor of 449049 and 3?
3
Calculate the greatest common divisor of 220 and 374385.
55
What is the greatest common factor of 698617 and 202?
101
What is the greatest common factor of 194400 and 960?
480
Calculate the greatest common divisor of 26 and 1207882.
26
Calculate the highest common factor of 9984 and 338.
26
Calculate the greatest common factor of 261149 and 21.
7
Calculate the greatest common divisor of 649648 and 38.
38
Calculate the greatest common divisor of 961503 and 867.
867
Calculate the highest common divisor of 58835 and 70.
35
What is the greatest common divisor of 2706042 and 69?
69
What is the greatest common factor of 18 and 1808919?
9
What is the highest common divisor of 900 and 40100?
100
What is the highest common factor of 14336 and 118384?
112
What is the highest common divisor of 587300 and 420?
140
What is the greatest common factor of 1808006 and 382?
382
What is the highest common factor of 10142 and 22?
22
Calculate the greatest common divisor of 17013 and 1908.
159
Calculate the highest common divisor of 119168 and 196.
196
What is the greatest common factor of 31 and 160301?
31
Calculate the highest common factor of 65565 and 62.
31
What is the greatest common divisor of 1440 and 204040?
40
Calculate the highest common factor of 4931 and 8.
1
What is the highest common factor of 55946 and 154?
22
Calculate the greatest common factor of 8 and 2629804.
4
Calculate the greatest common factor of 154 and 80332.
14
What is the highest common divisor of 1568 and 6958?
98
Calculate the highest common factor of 2124 and 6844.
236
What is the greatest common divisor of 567 and 16191?
63
Calculate the greatest common divisor of 1281 and 826611.
183
Calculate the highest common factor of 12 and 9689376.
12
Calculate the highest common divisor of 4824 and 774.
18
What is the greatest common factor of 276 and 29946?
138
What is the greatest common factor of 3509 and 5800?
29
Calculate the highest common factor of 5213 and 234.
13
What is the highest common factor of 25 and 294800?
25
Calculate the greatest common factor of 28125 and 72.
9
Calculate the greatest common factor of 20905 and 74.
37
Calculate the highest common divisor of 533004 and 36.
12
What is the highest common factor of 22755 and 4260?
15
Calculate the highest common factor of 2448 and 10278.
18
Calculate the highest common factor of 7182 and 201362.
266
What is the highest common factor of 1210 and 36905?
605
What is the highest common factor of 27 and 111951?
9
Calculate the greatest common factor of 2706 and 246984.
246
Calculate the highest common factor of 51580 and 40.
20
Calculate the highest common factor of 3769413 and 157.
157
Calculate the greatest common divisor of 40113 and 144.
9
What is the highest common divisor of 988 and 18468?
76
What is the greatest common factor of 240 and 19308?
12
What is the greatest common factor of 501883 and 46?
23
What is the greatest common factor of 3084 and 6425?
257
What is the highest common factor of 1535 and 40?
5
What is the greatest common factor of 7359 and 418?
11
What is the greatest common factor of 66783 and 7092?
591
What is the highest common factor of 472980 and 1620?
60
Calculate the highest common divisor of 10328 and 20.
4
Calculate the greatest common factor of 9397 and 1.
1
Calculate the greatest common divisor of 23832 and 2088.
72
Calculate the highest common divisor of 1139 and 221153.
17
Calculate the highest common divisor of 17515 and 713.
31
Calculate the highest common divisor of 2208 and 1443756.
276
Calculate the greatest common divisor of 588692 and 52.
52
Calculate the highest common factor of 10868 and 9614.
418
Calculate the greatest common factor of 26555 and 80795.
565
Calculate the greatest common divisor of 22523 and 6467.
223
Calculate the greatest common divisor of 1624 and 274688.
232
What is the greatest common divisor of 5921 and 1528?
191
Calculate the greatest common divisor of 1830 and 125.
5
What is the greatest common factor of 6216 and 1517?
37
Calculate the greatest common factor of 3208 and 1784.
8
What is the highest common factor of 53688 and 696?
24
What is the highest common factor of 86374 and 2375?
19
Calculate the highest common divisor of 2026666 and 254.
254
Calculate the greatest common factor of 135 and 87045.
15
Calculate the highest common divisor of 248605 and 35.
35
Calculate the highest common divisor of 8411 and 16835.
13
What is the greatest common divisor of 1400 and 32312?
56
Calculate the greatest common divisor of 765 and 45.
45
Calculate the greatest common divisor of 151802 and 98.
98
Calculate the highest common divisor of 34765 and 12665.
85
What is the highest common factor of 698364 and 3420?
684
Calculate the greatest common factor of 244372 and 15657.
307
Calculate the highest common factor of 21 and 110901.
21
What is the greatest common 